42
Calculate the remainder when 1817081250 is divided by 139.
136
Calculate the remainder when 258452 is divided by 109.
13
Calculate the remainder when 867293 is divided by 14450.
293
What is the remainder when 259884573 is divided by 129942280?
13
What is the remainder when 194143688 is divided by 7059?
11
What is the remainder when 128687 is divided by 4758?
221
What is the remainder when 647267 is divided by 836?
203
What is the remainder when 1009196 is divided by 154?
34
Calculate the remainder when 11106 is divided by 94.
14
Calculate the remainder when 21580171 is divided by 1419.
19
What is the remainder when 2552651 is divided by 232058?
13
What is the remainder when 3628557 is divided by 746?
13
Calculate the remainder when 558068 is divided by 110247.
6833
What is the remainder when 16425 is divided by 2660?
465
What is the remainder when 1953403 is divided by 4723?
2804
What is the remainder when 569221 is divided by 10504?
2005
What is the remainder when 3239611 is divided by 11570?
11
What is the remainder when 257618 is divided by 839?
45
What is the remainder when 347407 is divided by 2429?
60
What is the remainder when 140113 is divided by 5815?
553
Calculate the remainder when 594975 is divided by 142.
137
What is the remainder when 1054778733 is divided by 187?
184
What is the remainder when 3350561 is divided by 8273?
8269
Calculate the remainder when 1243637 is divided by 988.
733
Calculate the remainder when 175152 is divided by 584.
536
Calculate the remainder when 7293082 is divided by 579.
577
What is the remainder when 210398 is divided by 266?
258
Calculate the remainder when 4680 is divided by 959.
844
Calculate the remainder when 1009510 is divided by 5.
0
What is the remainder when 2871541 is divided by 13?
10
What is the remainder when 1153265 is divided by 88700?
165
Calculate the remainder when 3589681 is divided by 38.
11
What is the remainder when 26956338 is divided by 13478078?
182
What is the remainder when 134933 is divided by 247?
71
What is the remainder when 65812 is divided by 2365?
1957
Calculate the remainder when 25466943 is divided by 184543.
9
What is the remainder when 1038630 is divided by 551?
546
Calculate the remainder when 3268032 is divided by 823.
722
Calculate the remainder when 29003723 is divided by 16.
11
What is the remainder when 583804 is divided by 145475?
1904
Calculate the remainder when 83413 is divided by 538.
23
What is the remainder when 1401917 is divided by 140173?
187
Calculate the remainder when 19170 is divided by 4789.
14
What is the remainder when 52527151 is divided by 1916?
11
What is the remainder when 16182374 is divided by 1798041?
5
What is the remainder when 195722997 is divided by 5?
2
What is the remainder when 391681 is divided by 169?
108
Calculate the remainder when 15472701 is divided by 81.
0
What is the remainder when 651492 is divided by 160721?
8608
What is the remainder when 61025 is divided by 6774?
59
What is the remainder when 94485 is divided by 92999?
1486
What is the remainder when 411695 is divided by 699?
683
What is the remainder when 20889127 is divided by 11?
6
What is the remainder when 784073 is divided by 360?
353
What is the remainder when 27627818 is divided by 3410?
3408
Calculate the remainder when 23028 is divided by 22722.
306
What is the remainder when 41744932 is divided by 38?
32
What is the remainder when 46098 is divided by 32?
18
Calculate the remainder when 27707851 is divided by 44.
39
Calculate the remainder when 454299 is divided by 45393.
369
Calculate the remainder when 6795161 is divided by 8802.
17
Calculate the remainder when 3532484 is divided by 1278.
92
Calculate the remainder when 4403737 is divided by 54.
37
What is the remainder when 6861677 is divided by 3921?
3848
Calculate the remainder when 6304774 is divided by 205.
204
Calculate the remainder when 588593 is divided by 654.
647
What is the remainder when 204146 is divided by 68034?
44
Calculate the remainder when 1021411 is divided by 1792.
1763
What is the remainder when 536750 is divided by 3649?
347
Calculate the remainder when 602720 is divided by 150670.
40
Calculate the remainder when 88400930 is divided by 358.
348
Calculate the remainder when 19711531 is divided by 615985.
11
Calculate the remainder when 6574948 is divided by 1643683.
216
What is the remainder when 801173 is divided by 88613?
3656
Calculate the remainder when 3403449 is divided by 648.
153
What is the remainder when 96231300 is divided by 590376?
12
What is the remainder when 227831 is divided by 307?
37
Calculate the remainder when 10265 is divided by 1954.
495
What is the remainder when 1754497 is divided by 2035?
327
What is the remainder when 23134 is divided by 11189?
756
What is the remainder when 66252 is divided by 270?
102
Calculate the remainder when 3565738 is divided by 48.
10
What is the remainder when 8621 is divided by 4257?
107
What is the remainder when 278779 is divided by 21255?
2464
Calculate the remainder when 91397 is divided by 435.
47
Calculate the remainder when 9635545 is divided by 2408874.
49
What is the remainder when 356185 is divided by 17?
1
Calculate the remainder when 588944 is divided by 196172.
428
What is the remainder when 23609880 is divided by 5902460?
40
Calculate the remainder when 6377554 is divided by 6222.
4
Calculate the remainder when 9183226 is divided by 25868.
86
What is the remainder when 95646 is divided by 553?
530
Calculate the remainder when 18099 is divided by 17430.
669
What is the remainder when 18389605 is divided by 248508?
13
What is the remainder when 14979481 is divided by 67475?
31
What is the remainder when 1464033 is divided by 3833?
3660
What is the remainder when 9222737 is divided by 130?
17
Calculate the remainder when 482895 is divided by 2743.
127
Calculate the remainder when 3255326 is divided by 13735.
131
What is the remainder when 20231558 is divided by 2919?
2888
Calculate the remainder when 1684570 is divided by 38.
30
What is the remainder when 579259 is divided by 193019?
202
What is the remainder when 1945 is divided by 198?
163
Calculate the remainder when 441037 is divided by 2119.
285
Calculate the remainder when 28222785 is divided by 2244.
2241
What is the remainder when 1961750 is divided by 335?
325
Calculate the remainder when 25104 is divided by 136.
80
Calculate the remainder when 28079 is divided by 5135.
2404
Calculate the remainder when 1939028 is divided by 969499.
30
What is the remainder when 5289472 is divided by 1854?
10
What is the remainder when 768857 is divided by 768773?
84
What is the remainder when 22982811 is divided by 70?
61
What is the remainder when 33008658 is divided by 315?
123
Calculate the remainder when 1851046 is divided by 1851033.
13
Calculate the remainder when 263248 is divided by 595.
258
Calculate the remainder when 11955898 is divided by 280.
178
Calculate the remainder when 7035574 is divided by 24.
22
What is the remainder when 825604 is divided by 160?
4
What is the remainder when 39128386 is divided by 180?
166
Calculate the remainder when 48644979 is divided by 3243.
3222
What is the remainder when 19353 is divided by 652?
445
Calculate the remainder when 25035 is divided by 990.
285
Calculate the remainder when 851595 is divided by 283863.
6
What is the remainder when 1033077 is divided by 1650?
177
What is the remainder when 483954 is divided by 120987?
6
What is the remainder when 67586 is divided by 8443?
42
What is the remainder when 20042478 is divided by 38842?
6
What is the remainder when 19723611 is divided by 38?
15
What is the remainder when 15291050 is divided by 52?
34
Calculate the remainder when 445032 is divided by 2788.
1740
What is the remainder when 993965 is divided by 201?
20
What is the remainder when 1968908 is divided by 2534?
2524
What is the remainder when 1722286 is divided by 318?
316
What is the remainder when 287022 is divided by 143070?
882
What is the remainder when 292958 is divided by 4434?
314
What is the remainder when 5814118 is divided by 138?
40
What is the remainder when 604534 is divided by 12853?
443
What is the remainder when 5475459 is divided by 144?
3
What is the remainder when 862989 is divided by 217